{"id":9,"date":"2022-10-31T20:48:08","date_gmt":"2022-10-31T20:48:08","guid":{"rendered":"http:\/\/www.crearestauracion.es\/retabloslateralescolegiocardenal\/?page_id=9"},"modified":"2022-10-31T21:12:14","modified_gmt":"2022-10-31T21:12:14","slug":"bienvenido","status":"publish","type":"page","link":"http:\/\/www.crearestauracion.es\/retabloslateralescolegiocardenal\/","title":{"rendered":"Bienvenido"},"content":{"rendered":"\n<p>Bienvenido. En esta p\u00e1gina podr\u00e1 encontrar informaci\u00f3n sobre la restauraci\u00f3n de los retablos laterales de la Iglesia del Colegio del Cardenal: retablo de la Adoraci\u00f3n de los Reyes, retablo de San Jos\u00e9, retablo de la Virgen de los Dolores, retablo de San Antonio, retablo de la Virgen de F\u00e1tima y el p\u00falpito situado en la nave.<\/p>\n\n\n\n<p>En este blog&nbsp;puede ir siguiendo paso a paso el proceso de estudio y restauraci\u00f3n de los muebles y sus im\u00e1genes. Ofreceremos informaci\u00f3n actualizada con los avances y documentaci\u00f3n fotogr\u00e1fica de cada fase.<\/p>\n\n\n\n<p><\/p>\n\n\n\n<p><\/p>\n\n\n<div class=\"wp-block-image\">\n<figure class=\"aligncenter size-full is-resized\"><a href=\"http:\/\/www.crearestauracion.es\/retabloslateralescolegiocardenal\/blog\/\"><img loading=\"lazy\" decoding=\"async\" src=\"http:\/\/www.crearestauracion.es\/retabloslateralescolegiocardenal\/wp-content\/uploads\/2022\/10\/BOTON-ACCESO.jpg\" alt=\"\" class=\"wp-image-16\" width=\"497\" height=\"79\" srcset=\"http:\/\/www.crearestauracion.es\/retabloslateralescolegiocardenal\/wp-content\/uploads\/2022\/10\/BOTON-ACCESO.jpg 993w, http:\/\/www.crearestauracion.es\/retabloslateralescolegiocardenal\/wp-content\/uploads\/2022\/10\/BOTON-ACCESO-300x48.jpg 300w, http:\/\/www.crearestauracion.es\/retabloslateralescolegiocardenal\/wp-content\/uploads\/2022\/10\/BOTON-ACCESO-768x122.jpg 768w, http:\/\/www.crearestauracion.es\/retabloslateralescolegiocardenal\/wp-content\/uploads\/2022\/10\/BOTON-ACCESO-904x144.jpg 904w\" sizes=\"auto, (max-width: 497px) 100vw, 497px\" \/><\/a><\/figure>\n<\/div>\n\n\n<figure class=\"wp-block-image size-large\"><img loading=\"lazy\" decoding=\"async\" width=\"1024\" height=\"873\" src=\"http:\/\/www.crearestauracion.es\/retabloslateralescolegiocardenal\/wp-content\/uploads\/2022\/10\/1-1024x873.jpg\" alt=\"\" class=\"wp-image-18\" srcset=\"http:\/\/www.crearestauracion.es\/retabloslateralescolegiocardenal\/wp-content\/uploads\/2022\/10\/1-1024x873.jpg 1024w, http:\/\/www.crearestauracion.es\/retabloslateralescolegiocardenal\/wp-content\/uploads\/2022\/10\/1-300x256.jpg 300w, http:\/\/www.crearestauracion.es\/retabloslateralescolegiocardenal\/wp-content\/uploads\/2022\/10\/1-768x655.jpg 768w, http:\/\/www.crearestauracion.es\/retabloslateralescolegiocardenal\/wp-content\/uploads\/2022\/10\/1-904x771.jpg 904w, http:\/\/www.crearestauracion.es\/retabloslateralescolegiocardenal\/wp-content\/uploads\/2022\/10\/1.jpg 1119w\" sizes=\"auto, (max-width: 1024px) 100vw, 1024px\" \/><\/figure>\n\n\n\n<figure class=\"wp-block-image size-large\"><img loading=\"lazy\" decoding=\"async\" width=\"1024\" height=\"873\" src=\"http:\/\/www.crearestauracion.es\/retabloslateralescolegiocardenal\/wp-content\/uploads\/2022\/10\/Lote-3_1-1024x873.jpg\" alt=\"\" class=\"wp-image-19\" srcset=\"http:\/\/www.crearestauracion.es\/retabloslateralescolegiocardenal\/wp-content\/uploads\/2022\/10\/Lote-3_1-1024x873.jpg 1024w, http:\/\/www.crearestauracion.es\/retabloslateralescolegiocardenal\/wp-content\/uploads\/2022\/10\/Lote-3_1-300x256.jpg 300w, http:\/\/www.crearestauracion.es\/retabloslateralescolegiocardenal\/wp-content\/uploads\/2022\/10\/Lote-3_1-768x655.jpg 768w, http:\/\/www.crearestauracion.es\/retabloslateralescolegiocardenal\/wp-content\/uploads\/2022\/10\/Lote-3_1-904x771.jpg 904w, http:\/\/www.crearestauracion.es\/retabloslateralescolegiocardenal\/wp-content\/uploads\/2022\/10\/Lote-3_1.jpg 1119w\" sizes=\"auto, (max-width: 1024px) 100vw, 1024px\" \/><\/figure>\n","protected":false},"excerpt":{"rendered":"<p>Bienvenido. En esta p\u00e1gina podr\u00e1 encontrar informaci\u00f3n sobre la restauraci\u00f3n de los retablos laterales de la Iglesia del Colegio del Cardenal: retablo de la Adoraci\u00f3n de los Reyes, retablo de San Jos\u00e9, retablo de la Virgen de los Dolores, retablo de San Antonio, retablo de la Virgen de F\u00e1tima y el p\u00falpito situado en la [&hellip;]<\/p>\n","protected":false},"author":1,"featured_media":0,"parent":0,"menu_order":0,"comment_status":"closed","ping_status":"closed","template":"","meta":{"footnotes":""},"class_list":["post-9","page","type-page","status-publish","hentry","content-columns-1"],"_links":{"self":[{"href":"http:\/\/www.crearestauracion.es\/retabloslateralescolegiocardenal\/wp-json\/wp\/v2\/pages\/9","targetHints":{"allow":["GET"]}}],"collection":[{"href":"http:\/\/www.crearestauracion.es\/retabloslateralescolegiocardenal\/wp-json\/wp\/v2\/pages"}],"about":[{"href":"http:\/\/www.crearestauracion.es\/retabloslateralescolegiocardenal\/wp-json\/wp\/v2\/types\/page"}],"author":[{"embeddable":true,"href":"http:\/\/www.crearestauracion.es\/retabloslateralescolegiocardenal\/wp-json\/wp\/v2\/users\/1"}],"replies":[{"embeddable":true,"href":"http:\/\/www.crearestauracion.es\/retabloslateralescolegiocardenal\/wp-json\/wp\/v2\/comments?post=9"}],"version-history":[{"count":5,"href":"http:\/\/www.crearestauracion.es\/retabloslateralescolegiocardenal\/wp-json\/wp\/v2\/pages\/9\/revisions"}],"predecessor-version":[{"id":28,"href":"http:\/\/www.crearestauracion.es\/retabloslateralescolegiocardenal\/wp-json\/wp\/v2\/pages\/9\/revisions\/28"}],"wp:attachment":[{"href":"http:\/\/www.crearestauracion.es\/retabloslateralescolegiocardenal\/wp-json\/wp\/v2\/media?parent=9"}],"curies":[{"name":"wp","href":"https:\/\/api.w.org\/{rel}","templated":true}]}}