{"id":16,"date":"2025-08-07T13:37:03","date_gmt":"2025-08-07T11:37:03","guid":{"rendered":"http:\/\/www.crearestauracion.es\/retablomayorvotmondo%C3%B1edo\/?page_id=16"},"modified":"2025-08-07T13:47:19","modified_gmt":"2025-08-07T11:47:19","slug":"inicio","status":"publish","type":"page","link":"http:\/\/www.crearestauracion.es\/retablomayorvotmondo%C3%B1edo\/","title":{"rendered":"Inicio"},"content":{"rendered":"\n<p>Bienvenido. En esta p\u00e1gina podr\u00e1 encontrar informaci\u00f3n sobre la restauraci\u00f3n del retablo mayor de la Capilla de la Venerable Orden Tercera de Mondo\u00f1edo, Lugo.<\/p>\n\n\n\n<p>En este blog\u00a0puede ir siguiendo paso a paso el proceso de estudio y restauraci\u00f3n del retablo. Ofreceremos informaci\u00f3n actualizada con los avances y documentaci\u00f3n fotogr\u00e1fica de cada fase.<\/p>\n\n\n\n<p><\/p>\n\n\n<div class=\"wp-block-image\">\n<figure class=\"aligncenter size-full is-resized\"><a href=\"http:\/\/www.crearestauracion.es\/retablomayorvotmondo%C3%B1edo\/blog\/\"><img loading=\"lazy\" decoding=\"async\" width=\"993\" height=\"158\" src=\"http:\/\/www.crearestauracion.es\/retablomayorvotmondo%C3%B1edo\/wp-content\/uploads\/2025\/08\/BOTON-ACCESO.jpg\" alt=\"\" class=\"wp-image-21\" style=\"width:654px;height:auto\" srcset=\"http:\/\/www.crearestauracion.es\/retablomayorvotmondo%C3%B1edo\/wp-content\/uploads\/2025\/08\/BOTON-ACCESO.jpg 993w, http:\/\/www.crearestauracion.es\/retablomayorvotmondo%C3%B1edo\/wp-content\/uploads\/2025\/08\/BOTON-ACCESO-300x48.jpg 300w, http:\/\/www.crearestauracion.es\/retablomayorvotmondo%C3%B1edo\/wp-content\/uploads\/2025\/08\/BOTON-ACCESO-768x122.jpg 768w, http:\/\/www.crearestauracion.es\/retablomayorvotmondo%C3%B1edo\/wp-content\/uploads\/2025\/08\/BOTON-ACCESO-904x144.jpg 904w\" sizes=\"auto, (max-width: 993px) 100vw, 993px\" \/><\/a><\/figure>\n<\/div>\n\n\n<figure class=\"wp-block-image size-large\"><img loading=\"lazy\" decoding=\"async\" width=\"1024\" height=\"873\" src=\"http:\/\/www.crearestauracion.es\/retablomayorvotmondo%C3%B1edo\/wp-content\/uploads\/2025\/08\/1-1024x873.jpg\" alt=\"\" class=\"wp-image-25\" srcset=\"http:\/\/www.crearestauracion.es\/retablomayorvotmondo%C3%B1edo\/wp-content\/uploads\/2025\/08\/1-1024x873.jpg 1024w, http:\/\/www.crearestauracion.es\/retablomayorvotmondo%C3%B1edo\/wp-content\/uploads\/2025\/08\/1-300x256.jpg 300w, http:\/\/www.crearestauracion.es\/retablomayorvotmondo%C3%B1edo\/wp-content\/uploads\/2025\/08\/1-768x655.jpg 768w, http:\/\/www.crearestauracion.es\/retablomayorvotmondo%C3%B1edo\/wp-content\/uploads\/2025\/08\/1-904x771.jpg 904w, http:\/\/www.crearestauracion.es\/retablomayorvotmondo%C3%B1edo\/wp-content\/uploads\/2025\/08\/1.jpg 1119w\" sizes=\"auto, (max-width: 1024px) 100vw, 1024px\" \/><\/figure>\n","protected":false},"excerpt":{"rendered":"<p>Bienvenido. En esta p\u00e1gina podr\u00e1 encontrar informaci\u00f3n sobre la restauraci\u00f3n del retablo mayor de la Capilla de la Venerable Orden Tercera de Mondo\u00f1edo, Lugo. En este blog\u00a0puede ir siguiendo paso a paso el proceso de estudio y restauraci\u00f3n del retablo. Ofreceremos informaci\u00f3n actualizada con los avances y documentaci\u00f3n fotogr\u00e1fica de cada fase.<\/p>\n","protected":false},"author":1,"featured_media":0,"parent":0,"menu_order":0,"comment_status":"closed","ping_status":"closed","template":"","meta":{"footnotes":""},"class_list":["post-16","page","type-page","status-publish","hentry","content-columns-1"],"_links":{"self":[{"href":"http:\/\/www.crearestauracion.es\/retablomayorvotmondo%C3%B1edo\/wp-json\/wp\/v2\/pages\/16","targetHints":{"allow":["GET"]}}],"collection":[{"href":"http:\/\/www.crearestauracion.es\/retablomayorvotmondo%C3%B1edo\/wp-json\/wp\/v2\/pages"}],"about":[{"href":"http:\/\/www.crearestauracion.es\/retablomayorvotmondo%C3%B1edo\/wp-json\/wp\/v2\/types\/page"}],"author":[{"embeddable":true,"href":"http:\/\/www.crearestauracion.es\/retablomayorvotmondo%C3%B1edo\/wp-json\/wp\/v2\/users\/1"}],"replies":[{"embeddable":true,"href":"http:\/\/www.crearestauracion.es\/retablomayorvotmondo%C3%B1edo\/wp-json\/wp\/v2\/comments?post=16"}],"version-history":[{"count":5,"href":"http:\/\/www.crearestauracion.es\/retablomayorvotmondo%C3%B1edo\/wp-json\/wp\/v2\/pages\/16\/revisions"}],"predecessor-version":[{"id":26,"href":"http:\/\/www.crearestauracion.es\/retablomayorvotmondo%C3%B1edo\/wp-json\/wp\/v2\/pages\/16\/revisions\/26"}],"wp:attachment":[{"href":"http:\/\/www.crearestauracion.es\/retablomayorvotmondo%C3%B1edo\/wp-json\/wp\/v2\/media?parent=16"}],"curies":[{"name":"wp","href":"https:\/\/api.w.org\/{rel}","templated":true}]}}