{"id":12,"date":"2019-10-11T13:36:03","date_gmt":"2019-10-11T11:36:03","guid":{"rendered":"http:\/\/www.crearestauracion.es\/capillacarmenmuros\/colibri-wp\/"},"modified":"2020-04-25T18:06:33","modified_gmt":"2020-04-25T16:06:33","slug":"colibri-wp","status":"publish","type":"page","link":"http:\/\/www.crearestauracion.es\/capillacarmenmuros\/","title":{"rendered":"Restauraci\u00f3n de los retablos laterales de la Capilla del Carmen, Muros (A Coru\u00f1a)"},"content":{"rendered":"<div class=\"style-152 style-local-12-c1 position-relative\" data-colibri-id=\"12-c1\">\n<div id=\"custom\" class=\"h-section h-section-global-spacing d-flex align-items-lg-center align-items-md-center align-items-center style-153 style-local-12-c2 position-relative\" data-colibri-component=\"section\" data-colibri-id=\"12-c2\">\n<p>Bienvenido. En esta p\u00e1gina podr\u00e1 encontrar informaci\u00f3n sobre la restauraci\u00f3n de los retablos laterales de la Capilla del Carmen, Muros (A Coru\u00f1a)<\/p>\n<p>En este blog\u00a0puede ir siguiendo paso a paso el proceso de estudio y restauraci\u00f3n de los retablos.<\/p>\n<p><a href=\"http:\/\/www.crearestauracion.es\/capillacarmenmuros\/blog\"><img loading=\"lazy\" decoding=\"async\" class=\"aligncenter wp-image-246 size-medium\" src=\"http:\/\/www.crearestauracion.es\/capillacarmenmuros\/wp-content\/uploads\/2020\/04\/BOTON-ACCESO-300x48.jpg\" alt=\"\" width=\"300\" height=\"48\" srcset=\"http:\/\/www.crearestauracion.es\/capillacarmenmuros\/wp-content\/uploads\/2020\/04\/BOTON-ACCESO-300x48.jpg 300w, http:\/\/www.crearestauracion.es\/capillacarmenmuros\/wp-content\/uploads\/2020\/04\/BOTON-ACCESO-768x122.jpg 768w, http:\/\/www.crearestauracion.es\/capillacarmenmuros\/wp-content\/uploads\/2020\/04\/BOTON-ACCESO-904x144.jpg 904w, http:\/\/www.crearestauracion.es\/capillacarmenmuros\/wp-content\/uploads\/2020\/04\/BOTON-ACCESO.jpg 993w\" sizes=\"(max-width: 300px) 100vw, 300px\" \/><\/a><\/p>\n<p><img loading=\"lazy\" decoding=\"async\" class=\"aligncenter wp-image-10 size-large\" src=\"http:\/\/www.crearestauracion.es\/capillacarmenmuros\/wp-content\/uploads\/2019\/10\/Muros-CapelaDoCarme-6-1024x680.jpg\" alt=\"\" width=\"904\" height=\"600\" srcset=\"http:\/\/www.crearestauracion.es\/capillacarmenmuros\/wp-content\/uploads\/2019\/10\/Muros-CapelaDoCarme-6-1024x680.jpg 1024w, http:\/\/www.crearestauracion.es\/capillacarmenmuros\/wp-content\/uploads\/2019\/10\/Muros-CapelaDoCarme-6-300x199.jpg 300w, http:\/\/www.crearestauracion.es\/capillacarmenmuros\/wp-content\/uploads\/2019\/10\/Muros-CapelaDoCarme-6-768x510.jpg 768w\" sizes=\"(max-width: 904px) 100vw, 904px\" \/><\/p>\n<p>Ofreceremos informaci\u00f3n actualizada con los avances y documentaci\u00f3n fotogr\u00e1fica de cada fase.<\/p>\n<div class=\"h-section-grid-container h-section-boxed-container\">\n<div class=\"h-row-container gutters-row-lg-2 gutters-row-md-2 gutters-row-0 gutters-row-v-lg-2 gutters-row-v-md-2 gutters-row-v-2 style-154 style-local-12-c3 position-relative\" data-colibri-id=\"12-c3\">\n<div class=\"h-row justify-content-lg-center justify-content-md-center justify-content-center align-items-lg-stretch align-items-md-stretch align-items-stretch gutters-col-lg-2 gutters-col-md-2 gutters-col-0 gutters-col-v-lg-2 gutters-col-v-md-2 gutters-col-v-2\">\n<div class=\"h-column h-column-container d-flex h-col-lg-auto h-col-md-auto h-col-auto style-156-outer style-local-12-c6-outer\">\n<div class=\"d-flex h-flex-basis h-column__inner h-px-lg-2 h-px-md-2 h-px-2 v-inner-lg-2 v-inner-md-2 v-inner-2 style-156 style-local-12-c6 position-relative\" data-colibri-id=\"12-c6\">\n<div class=\"w-100 h-y-container h-column__content h-column__v-align flex-basis-100 align-self-lg-start align-self-md-start align-self-start\">\n<div class=\"d-block style-158 style-local-12-c7 position-relative h-element\" data-colibri-id=\"12-c7\">\n<div class=\"h-image__frame-container-outer\">\n<div class=\"h-image__frame-container\"><img decoding=\"async\" class=\"style-157-image style-local-12-c5-image aligncenter\" src=\"http:\/\/www.crearestauracion.es\/capillacarmenmuros\/wp-content\/uploads\/2019\/10\/cropped-cons_cul_tur-cor-300x76.png\" \/><br \/><img decoding=\"async\" class=\"style-158-image style-local-12-c7-image aligncenter\" src=\"http:\/\/www.crearestauracion.es\/capillacarmenmuros\/wp-content\/uploads\/2019\/10\/cropped-Tarjeta-2015-DEFINITIVA-ATRAS.yoli_-1-300x194.jpg\" \/>\n<p>\u00a0<\/p>\n<div class=\"h-image__frame h-hide-lg h-hide-md h-hide-sm style-158-frameImage style-local-12-c7-frameImage\">\u00a0<\/div>\n<\/div>\n<\/div>\n<\/div>\n<\/div>\n<\/div>\n<\/div>\n<\/div>\n<\/div>\n<\/div>\n<\/div>\n<\/div>\n\n","protected":false},"excerpt":{"rendered":"<p>Bienvenido. En esta p\u00e1gina podr\u00e1 encontrar informaci\u00f3n sobre la restauraci\u00f3n de los retablos laterales de la Capilla del Carmen, Muros (A Coru\u00f1a) En este blog\u00a0puede ir siguiendo paso a paso el proceso de estudio y restauraci\u00f3n de los retablos. Ofreceremos informaci\u00f3n actualizada con los avances y documentaci\u00f3n fotogr\u00e1fica de cada fase. \u00a0 \u00a0<\/p>\n","protected":false},"author":1,"featured_media":0,"parent":0,"menu_order":0,"comment_status":"closed","ping_status":"closed","template":"","meta":{"footnotes":""},"class_list":["post-12","page","type-page","status-publish","hentry","content-columns-1"],"_links":{"self":[{"href":"http:\/\/www.crearestauracion.es\/capillacarmenmuros\/wp-json\/wp\/v2\/pages\/12"}],"collection":[{"href":"http:\/\/www.crearestauracion.es\/capillacarmenmuros\/wp-json\/wp\/v2\/pages"}],"about":[{"href":"http:\/\/www.crearestauracion.es\/capillacarmenmuros\/wp-json\/wp\/v2\/types\/page"}],"author":[{"embeddable":true,"href":"http:\/\/www.crearestauracion.es\/capillacarmenmuros\/wp-json\/wp\/v2\/users\/1"}],"replies":[{"embeddable":true,"href":"http:\/\/www.crearestauracion.es\/capillacarmenmuros\/wp-json\/wp\/v2\/comments?post=12"}],"version-history":[{"count":14,"href":"http:\/\/www.crearestauracion.es\/capillacarmenmuros\/wp-json\/wp\/v2\/pages\/12\/revisions"}],"predecessor-version":[{"id":247,"href":"http:\/\/www.crearestauracion.es\/capillacarmenmuros\/wp-json\/wp\/v2\/pages\/12\/revisions\/247"}],"wp:attachment":[{"href":"http:\/\/www.crearestauracion.es\/capillacarmenmuros\/wp-json\/wp\/v2\/media?parent=12"}],"curies":[{"name":"wp","href":"https:\/\/api.w.org\/{rel}","templated":true}]}}